3
What is the greatest common factor of 465253922 and 294?
98
What is the greatest common factor of 31388 and 3064719?
133
Calculate the highest common divisor of 14644 and 55516.
4
What is the highest common divisor of 6240 and 413348?
52
What is the highest common divisor of 20318763 and 9048?
87
Calculate the greatest common divisor of 52882718 and 812.
406
Calculate the greatest common divisor of 152 and 7992046.
38
What is the greatest common divisor of 13332 and 8361588?
1212
Calculate the highest common divisor of 466832 and 15888.
16
Calculate the greatest common divisor of 30086256 and 3264.
48
What is the highest common factor of 358 and 121332?
2
What is the highest common factor of 189 and 78095619?
63
Calculate the highest common factor of 126346878 and 6804.
3402
What is the highest common divisor of 84 and 79684521?
21
Calculate the greatest common divisor of 6017670 and 1098.
18
Calculate the greatest common divisor of 80123121 and 99.
9
What is the highest common divisor of 5457 and 143802543?
321
What is the greatest common factor of 380296238 and 4592?
574
What is the greatest common factor of 2905614 and 4044?
2022
Calculate the highest common factor of 10757 and 2526854.
347
What is the greatest common factor of 27368 and 38566?
22
What is the greatest common factor of 219105 and 166860?
405
Calculate the greatest common divisor of 46176 and 25856.
32
What is the highest common divisor of 871 and 6650018?
67
Calculate the highest common divisor of 43894 and 1079194.
34
What is the highest common factor of 4805129 and 16191?
1799
Calculate the greatest common factor of 427268 and 66454.
446
What is the greatest common divisor of 537472 and 2338976?
608
Calculate the greatest common factor of 3845484 and 7992.
1332
Calculate the greatest common divisor of 195680 and 9120.
160
Calculate the greatest common divisor of 24388 and 4830700.
1876
Calculate the greatest common divisor of 659 and 2025069437.
659
What is the highest common factor of 4212228 and 555?
111
What is the highest common divisor of 1409995974 and 2274?
2274
Calculate the highest common divisor of 3935332 and 55958.
1142
Calculate the greatest common divisor of 85450 and 2115.
5
Calculate the highest common factor of 178 and 16575894.
178
Calculate the highest common factor of 5 and 30613775.
5
Calculate the greatest common divisor of 19013082 and 33.
33
What is the greatest common divisor of 63936466 and 5621?
803
Calculate the greatest common divisor of 5806659 and 6.
3
What is the greatest common factor of 71311 and 111128?
29
What is the greatest common divisor of 446 and 73413607?
223
What is the highest common divisor of 29345 and 640548529?
5869
What is the greatest common divisor of 25016 and 49086584?
472
Calculate the highest common factor of 2283605 and 87.
29
What is the highest common factor of 386774233 and 141?
47
What is the greatest common factor of 72 and 12378?
6
What is the highest common divisor of 7785 and 901905?
15
What is the highest common divisor of 1044 and 37238958?
522
What is the highest common factor of 268915596 and 1756?
1756
What is the greatest common factor of 112885380 and 194445?
6705
Calculate the highest common factor of 305807 and 923359.
2969
Calculate the highest common factor of 935 and 889680.
55
Calculate the greatest common factor of 253020 and 40850079.
12651
What is the greatest common factor of 53691727 and 1?
1
What is the highest common factor of 33755 and 37195?
215
What is the greatest common divisor of 9383 and 121517?
11
What is the greatest common factor of 469749 and 84?
21
Calculate the greatest common divisor of 30 and 199598946.
6
What is the greatest common factor of 39840293 and 604?
151
What is the highest common factor of 1953 and 7547043?
651
What is the highest common factor of 44 and 230507002?
22
What is the highest common factor of 1309380 and 40506?
942
What is the greatest common factor of 21788880 and 3000?
120
Calculate the greatest common divisor of 5877146 and 264.
22
What is the greatest common factor of 255 and 7771584?
51
Calculate the greatest common divisor of 5260 and 11260345.
1315
Calculate the highest common factor of 4167520 and 360.
40
Calculate the highest common divisor of 4884 and 3665442.
2442
Calculate the highest common factor of 124674 and 1419.
33
Calculate the highest common factor of 9350 and 492728.
34
Calculate the highest common factor of 746373 and 1219.
23
What is the highest common divisor of 17147 and 53573?
13
Calculate the highest common factor of 10 and 8162140.
10
What is the greatest common factor of 1510382 and 31093?
527
What is the greatest common factor of 18284 and 23044?
28
What is the greatest common divisor of 28180500 and 37500?
1500
What is the highest common factor of 315 and 219072420?
315
Calculate the greatest common factor of 568 and 46208504.
568
Calculate the greatest common divisor of 10131 and 11055.
33
Calculate the highest common divisor of 206795966 and 598.
26
What is the greatest common factor of 94623726 and 1?
1
What is the highest common factor of 14822745 and 18865?
1715
What is the greatest common divisor of 9541 and 33698000?
203
Calculate the highest common factor of 3735 and 1872135.
45
What is the greatest common factor of 8896 and 889216?
64
Calculate the highest common factor of 705 and 8580315.
15
What is the highest common divisor of 6 and 4593105?
3
Calculate the greatest common divisor of 30282 and 239475.
309
Calculate the greatest common factor of 8221014 and 253611.
2511
What is the highest common divisor of 14408940 and 60?
60
Calculate the greatest common factor of 210 and 572172690.
30
Calculate the highest common factor of 4755 and 780285.
15
Calculate the highest common divisor of 243 and 137518641.
81
What is the greatest common divisor of 364377882 and 12?
6
Calculate the greatest common divisor of 305992 and 417496.
184
Calculate the greatest common divisor of 17639331 and 387.
129
Calculate the highest common divisor of 128346396 and 17.
17
Calculate the greatest common factor of 784825415 and 275.
55
Calculate the highest common divisor of 29198 and 4123656.
2246
Calculate the highest common factor of 528 and 11851752.
264
What is the highest common factor of 648291 and 1344?
21
Calculate the highest common divisor of 5168425 and 9775.
425
Calculate the greatest common divisor of 16081072 and 486461.
2143
What is the greatest common factor of 147068 and 36?
4
Calculate the highest common divisor of 513580 and 84.
4
Calculate the highest common factor of 8265 and 18659325.
435
What is the greatest common divisor of 1848 and 28259?
77
Calculate the greatest common factor of 6602625 and 7125.
375
Calculate the greatest common factor of 5158293 and 8568.
357
What is the highest common divisor of 89818376 and 9824?
2456
What is the greatest common factor of 8802327 and 3?
3
What is the greatest common divisor of 1311666 and 36?
6
Calculate the highest common divisor of 64460004 and 84.
84
What is the highest common divisor of 430782262 and 1?
1
What is the greatest common factor of 33968576 and 14832?
1648
What is the greatest common divisor of 46 and 679029?
23
What is the greatest common factor of 1319593287 and 3109?
3109
What is the greatest common divisor of 463212 and 1116?
36
Calculate the greatest common divisor of 302570 and 1250.
10
What is the greatest common factor of 1267690 and 33830?
170
Calculate the greatest common factor of 27803500 and 9813.
3271
Calculate the highest common factor of 1421 and 1900318.
49
What is the greatest common divisor of 19933 and 31992?
31
Calculate the greatest common divisor of 880 and 6755496.
88
What is the highest common factor of 56794418 and 72754?
6614
Calculate the highest common divisor of 105 and 4435770.
15
Calculate the highest common factor of 903855 and 65.
5
Calculate the highest common factor of 347311 and 32935248.
8471
Calculate the greatest common divisor of 9800 and 1132550.
50
Calculate the greatest common divisor of 12560064 and 4224.
2112
Calculate the greatest common factor of 34815 and 92807.
11
Calculate the highest common factor of 39 and 3710096.
13
Calculate the highest common divisor of 948980 and 322.
46
What is the highest com